) in base 15?
2467
What is 2c5 (base 14) in base 11?
474
Convert -330 (base 15) to base 12.
-500
What is 78e9 (base 16) in base 8?
74351
1013 (base 7) to base 5
2403
What is -1524 (base 6) in base 7?
-1126
Convert 11c (base 14) to base 6.
1010
Convert 111110110011 (base 2) to base 16.
fb3
Convert 10101002 (base 3) to base 11.
1936
665 (base 7) to base 15
17b
-8204 (base 12) to base 7
-56104
-30244 (base 6) to base 5
-111423
What is -2a01 (base 15) in base 3?
-110100101
What is 20 (base 13) in base 11?
24
Convert -625 (base 12) to base 4.
-31331
51510 (base 6) to base 13
3195
-100030 (base 4) to base 14
-540
What is -323550 (base 6) in base 7?
-141033
-58a (base 13) to base 2
-1110111111
706 (base 8) to base 16
1c6
-36004 (base 11) to base 5
-3130123
-1112210 (base 3) to base 11
-936
-205 (base 12) to base 2
-100100101
Convert 506 (base 9) to base 3.
120020
6445 (base 7) to base 5
33122
What is -2532 (base 7) in base 12?
-676
Convert 227 (base 13) to base 6.
1415
1cc8 (base 15) to base 5
200023
Convert -179ba (base 12) to base 10.
-34270
What is 20056 (base 9) in base 16?
3375
What is -ba (base 15) in base 2?
-10101111
What is 1436 (base 7) in base 16?
236
What is -3c7f (base 16) in base 4?
-3301333
What is -4230 (base 5) in base 7?
-1435
What is 5baa (base 13) in base 10?
12984
Convert -1456 (base 9) to base 15.
-4d9
What is 4713 (base 13) in base 16?
2703
Convert 10010012 (base 3) to base 6.
14305
Convert 12201110 (base 4) to base 2.
110100001010100
Convert 12033 (base 4) to base 7.
1110
Convert -1046 (base 7) to base 5.
-3002
What is -2be (base 15) in base 5?
-10004
-10110011111101 (base 2) to base 10
-11517
Convert 300333 (base 4) to base 14.
11dd
-3041 (base 13) to base 9
-10102
What is -46fa (base 16) in base 13?
-8369
-1022210 (base 3) to base 15
-446
Convert 20612 (base 7) to base 13.
2429
What is 13325 (base 6) in base 5?
31234
Convert -140143 (base 6) to base 14.
-4a63
325344 (base 6) to base 15
8091
What is 312 (base 8) in base 10?
202
Convert -4760 (base 9) to base 3.
-11212000
What is -2223203 (base 5) in base 4?
-21210022
Convert -1456 (base 9) to base 6.
-5040
-985 (base 11) to base 5
-14212
Convert 2453 (base 7) to base 14.
49a
What is 19483 (base 10) in base 9?
28647
Convert -55226 (base 8) to base 5.
-1220230
What is -1010143 (base 5) in base 9?
-24318
What is -42553 (base 6) in base 15?
-1ad9
Convert -759 (base 10) to base 16.
-2f7
26415 (base 10) to base 16
672f
Convert -58 (base 11) to base 10.
-63
-220202212 (base 3) to base 15
-553e
217b (base 13) to base 9
6353
1522 (base 6) to base 13
257
What is 387c (base 13) in base 8?
17556
Convert 322431 (base 5) to base 15.
33cb
Convert 15680 (base 14) to base 6.
1051200
What is -1d5d (base 16) in base 13?
-3563
11011001000011 (base 2) to base 11
a489
b0a (base 14) to base 12
1306
Convert -1aa (base 16) to base 10.
-426
Convert -454 (base 14) to base 7.
-2334
Convert 487 (base 15) to base 16.
403
-9293 (base 14) to base 6
-312425
What is -4344 (base 10) in base 11?
-329a
What is -328 (base 9) in base 6?
-1125
-11011000110010 (base 2) to base 12
-8042
-1102 (base 8) to base 6
-2402
24653 (base 7) to base 10
6506
Convert -6c93 (base 13) to base 5.
-442310
Convert -147b8 (base 12) to base 10.
-28796
What is 51330 (base 9) in base 8?
102014
Convert 1b6 (base 16) to base 5.
3223
What is -32324 (base 12) in base 8?
-201114
What is 104040 (base 5) in base 15?
1130
Convert -796 (base 14) to base 10.
-1504
What is 136d (base 16) in base 13?
2357
-2210201 (base 3) to base 4
-133330
What is -347 (base 10) in base 16?
-15b
What is -221200 (base 4) in base 12?
-1654
-12142 (base 10) to base 7
-50254
Convert -1011010011011 (base 2) to base 16.
-169b
What is 54749 (base 10) in base 8?
152735
2fb (base 16) to base 10
763
Convert 1046 (base 8) to base 2.
1000100110
What is a336 (base 11) in base 3?
200210212
-20353 (base 6) to base 16
-aad
Convert d7 (base 14) to base 5.
1224
Convert -4829 (base 14) to base 12.
-7345
-171c (base 14) to base 9
-5612
Convert 143102 (base 5) to base 16.
178b
-31761 (base 8) to base 11
-9a99
What is -1108 (base 9) in base 15?
-398
Convert 10010001011000 (base 2) to base 12.
5474
Convert -2021202111 (base 3) to base 16.
-afde
Convert -1523 (base 8) to base 14.
-44b
Convert -1a2 (base 15) to base 14.
-1cd
What is 1064 (base 12) in base 6?
12204
-150453 (base 6) to base 5
-430213
What is -33303 (base 5) in base 13?
-10a1
-242 (base 13) to base 16
-188
1360 (base 14) to base 3
11200112
Convert 807 (base 14) to base 12.
ab3
cd (base 15) to base 3
21011
What is -2003 (base 9) in base 4?
-112311
What is 30a3 (base 11) in base 15?
133b
What is 5 (base 6) in base 2?
101
What is 1102 (base 4) in base 9?
101
Convert 1246 (base 14) to base 6.
22450
-730 (base 10) to base 6
-3214
What is -1020 (base 3) in base 10?
-33
Convert -16c (base 14) to base 6.
-1204
What is a02 (base 12) in base 6?
10402
Convert 5a2d (base 15) to base 9.
28257
-19c (base 14) to base 11
-284
670 (base 10) to base 4
22132
1111010110100 (base 2) to base 12
4670
What is -d15 (base 16) in base 14?
-1313
Convert 857 (base 11) to base 12.
71a
1300 (base 7) to base 6
2134
What is 4b8 (base 12) in base 10?
716
Convert -786 (base 11) to base 15.
-42b
602 (base 8) to base 12
282
What is -4132 (base 5) in base 14?
-2aa
-10522 (base 7) to base 13
-129a
540 (base 8) to base 14
1b2
-a04 (base 11) to base 16
-4be
What is 3021402 (base 5) in base 8?
136340
What is -1d538 (base 14) in base 4?
-102111232
-604a (base 11) to base 8
-17550
9244 (base 16) to base 7
214111
53a8 (base 12) to base 8
21760
Convert -11210332 (base 4) to base 6.
-253434
-1a5 (base 11) to base 15
-10b
-1b28 (base 13) to base 14
-16c2
What is 366 (base 9) in base 2?
100101111
What is -26a3 (base 15) in base 10?
-8253
What is -11462 (base 8) in base 16?
-1332
Convert 66a (base 13) to base 11.
912
Convert -15ae (base 15) to base 16.
-1238
-7a (base 14) to base 12
-90
Convert 335 (base 10) to base 9.
412
Convert 111003 (base 5) to base 16.
f26
What is -1212102221 (base 3) in base 15?
-ad67
-1ae (base 15) to base 11
-324
1111011111011100 (base 2) to base 15
13c02
234 (base 16) to base 15
279
What is 16a2 (base 14) in base 6?
30450
What is -375 (base 11) in base 4?
-12331
Convert -1102012 (base 3) to base 13.
-614
What is 30044 (base 6) in base 11?
2a40
What is 804 (base 11) in base 3?
1100000
Convert 53 (base 12) to base 11.
58
Convert -4201 (base 7) to base 3.
-2000111
-1db (base 15) to base 5
-3211
What is -33260 (base 8) in base 11?
-a578
14434 (base 6) to base 9
3164
What is b54 (base 12) in base 4?
121300
What is 1320101 (base 4) in base 9?
11502
Convert 7a (base 16) to base 3.
11112
What is -22342 (base 5) in base 15?
-717
Convert 2400 (base 5) to base 16.
15e
What is 201020 (base 3) in base 15?
249
What is 318 (base 15) in base 14?
37c
-110332 (base 4) to base 10
-1342
What is -8928 (base 10) in base 2?
-10001011100000
Convert a (base 14) to base 10.
10
-1436 (base 11) to base 16
-73e
Convert 11166 (base 9) to base 14.
29cb
What is -3940 (base 14) in base 2?
-10011101000100
What is -2112222 (base 3) in base 16?
-746
Convert 4579 (base 16) to base 15.
540a
Convert 106 (base 16) to base 15.
127
What is 156 (base 14) in base 7?
536
-1246 (base 13) to base 2
-101000100001
-110010111 (base 2) to base 16
-197
Convert 5227 (base 11) to base 12.
4012
What is 37 (base 9) in base 3?
1021
Convert 25245 (base 7) to base 3.
100010020
-440413 (base 5) to base 14
-5712
22402 (base 5) to base 2
11001000010
-104212 (base 6) to base 15
-28b5
666 (base 14) to base 15
596
Convert -1513 (base 6) to base 11.
-339
What is 54c7 (base 15) in base 7?
103240
Convert 290 (base 16) to base 3.
220022
What is 1411 (base 6) in base 3?
111121
-100101 (base 2) to base 8
-45
What is -212 (base 15) in base 6?
-2055
Convert 147a (base 12) to base 13.
1126
Convert -43a7 (base 15) to base 11.
-a84a
-1e3e (base 15) to base 3
-100000212
Convert 587 (base 12) to base 7.
2254
What is -1272 (base 9) in base 13?
-587
What is aa2 (base 14) in base 12?
1272
What is 148d9 (base 14) in base 12?
25727
Convert -1530 (base 12) to base 14.
-c96
What is 335 (base 8) in base 3?
22012
What is -323100 (base 4) in base 6?
-25320
669 (base 14) to base 15
599
-100201211 (base 3) to base 8
-15670
-1222111